{"id":914,"date":"2021-05-04T16:52:24","date_gmt":"2021-05-04T13:52:24","guid":{"rendered":"http:\/\/montenegro.chilipepperdijital.com\/?post_type=emlaklaklar&#038;p=914"},"modified":"2021-05-04T16:52:24","modified_gmt":"2021-05-04T13:52:24","slug":"montenegro-skadar-golu-kiyisinda-2e-m%c2%b2-fiyatla-acil-satilik-arsa","status":"publish","type":"emlaklaklar","link":"https:\/\/montenegroemlak.com\/en\/properties-list-en\/montenegro-skadar-golu-kiyisinda-2e-m%c2%b2-fiyatla-acil-satilik-arsa\/","title":{"rendered":"Montenegro Skadar G\u00f6l\u00fc K\u0131y\u0131s\u0131nda 2\u20ac\/m\u00b2 Fiyatla Acil Sat\u0131l\u0131k Arsa"},"content":{"rendered":"\n<p>Montenegro &#8211; Karada\u011f&#8217;da<\/p>\n\n\n\n<p>Skadar G\u00f6l\u00fc k\u0131y\u0131s\u0131nda,<\/p>\n\n\n\n<p>Kendi Sahili olan,<\/p>\n\n\n\n<p>Yat\u0131r\u0131m ve Turistik \u0130\u015fletmeye \u00e7ok m\u00fcsait,<\/p>\n\n\n\n<p>Ba\u015fkent Podgorica&#8217;ya 15 Km &#8211; 25 dk mesafede.<\/p>\n\n\n\n<p>S\u0131k\u0131\u015f\u0131kl\u0131ktan dolay\u0131 \u00e7ok d\u00fc\u015f\u00fck fiyata \u0130mars\u0131z Arsa,<\/p>\n\n\n\n<p>Arsa : 30.000 m2<\/p>\n\n\n\n<p>Fiyat\u0131 : 60.000&nbsp;\u20ac (2\u20ac\/m\u00b2),<\/p>\n\n\n\n<p>Arsa imars\u0131z olup, Bungalov veya Kamping tipi, turiztik tesis i\u00e7in uygundur. (Bu tip tesislerde imar izni gerekmemektedir)<\/p>\n\n\n\n<p>Karada\u011f&#8217;da bu tip i\u015fletmeler \u00e7ok pop\u00fcler olup, y\u0131l boyunca hizmet vermektedirler. Sezonlar\u0131 uzundur. Skadar G\u00f6l\u00fc civar\u0131nda bu \u015fekilde hizmet vermekte olan 100&#8217;\u00fcn \u00fczerinde irili ufakl\u0131 tesisler vard\u0131r.<\/p>\n\n\n\n<p>Ayn\u0131 zamanda, Kendi ikametiniz i\u00e7in Villa tarz\u0131 in\u015faat i\u00e7in m\u00fcsaittir.<\/p>\n\n\n\n<p>Hem Arsa Yat\u0131r\u0131m\u0131, hem do\u011fal Turizm Tesisi Yat\u0131r\u0131m\u0131, hem&nbsp; kendi evinizi in\u015faa etmek i\u00e7in s\u00fcper kazan\u00e7l\u0131 bir yat\u0131r\u0131m \u015fekli.&nbsp;<\/p>\n\n\n\n<p>K\u0131sa s\u00fcrede s\u00fcrede y\u00fcksek kazan\u00e7 sa\u011flamak i\u00e7in&#8230;<\/p>\n","protected":false},"author":1,"featured_media":0,"template":"","meta":[],"_links":{"self":[{"href":"https:\/\/montenegroemlak.com\/en\/wp-json\/wp\/v2\/emlaklaklar\/914"}],"collection":[{"href":"https:\/\/montenegroemlak.com\/en\/wp-json\/wp\/v2\/emlaklaklar"}],"about":[{"href":"https:\/\/montenegroemlak.com\/en\/wp-json\/wp\/v2\/types\/emlaklaklar"}],"author":[{"embeddable":true,"href":"https:\/\/montenegroemlak.com\/en\/wp-json\/wp\/v2\/users\/1"}],"wp:attachment":[{"href":"https:\/\/montenegroemlak.com\/en\/wp-json\/wp\/v2\/media?parent=914"}],"curies":[{"name":"wp","href":"https:\/\/api.w.org\/{rel}","templated":true}]}}

Montenegro Skadar Gölü Kıyısında 2€/m² Fiyatla Acil Satılık Arsa

<p>Montenegro &#8211; Karadağ&#8217;da</p>



<p>Skadar Gölü kıyısında,</p>



<p>Kendi Sahili olan,</p>



<p>Yatırım ve Turistik İşletmeye çok müsait,</p>



<p>Başkent Podgorica&#8217;ya 15 Km &#8211; 25 dk mesafede.</p>



<p>Sıkışıklıktan dolayı çok düşük fiyata İmarsız Arsa,</p>



<p>Arsa : 30.000 m2</p>



<p>Fiyatı : 60.000&nbsp;€ (2€/m²),</p>



<p>Arsa imarsız olup, Bungalov veya Kamping tipi, turiztik tesis için uygundur. (Bu tip tesislerde imar izni gerekmemektedir)</p>



<p>Karadağ&#8217;da bu tip işletmeler çok popüler olup, yıl boyunca hizmet vermektedirler. Sezonları uzundur. Skadar Gölü civarında bu şekilde hizmet vermekte olan 100&#8217;ün üzerinde irili ufaklı tesisler vardır.</p>



<p>Aynı zamanda, Kendi ikametiniz için Villa tarzı inşaat için müsaittir.</p>



<p>Hem Arsa Yatırımı, hem doğal Turizm Tesisi Yatırımı, hem&nbsp; kendi evinizi inşaa etmek için süper kazançlı bir yatırım şekli.&nbsp;</p>



<p>Kısa sürede sürede yüksek kazanç sağlamak için&#8230;</p>
