{"id":652,"date":"2021-05-03T23:05:19","date_gmt":"2021-05-03T20:05:19","guid":{"rendered":"http:\/\/montenegro.chilipepperdijital.com\/?post_type=emlaklaklar&#038;p=652"},"modified":"2021-05-03T23:05:20","modified_gmt":"2021-05-03T20:05:20","slug":"podgorica-stari-aerodromda-esyali-komple-bina-acil-fiyat-dustu","status":"publish","type":"emlaklaklar","link":"https:\/\/montenegroemlak.com\/en\/properties-list-en\/podgorica-stari-aerodromda-esyali-komple-bina-acil-fiyat-dustu\/","title":{"rendered":"Podgorica Stari Aerodromda E\u015fyal\u0131 Komple Bina (Acil Fiyat D\u00fc\u015ft\u00fc)"},"content":{"rendered":"\n<p>Montenegro &#8211; Karada\u011f<\/p>\n\n\n\n<p>Podgorica &#8211; Stari Aerodrom&#8217;da,<\/p>\n\n\n\n<p>500&nbsp;m\u00b2 arsa i\u00e7inde,<\/p>\n\n\n\n<p>4 katl\u0131 (Her bir katta 135&nbsp;m\u00b2 lik 3+1 e\u015fyal\u0131 daire bulunmaktad\u0131r) Komple Bina Sat\u0131l\u0131kt\u0131r.<\/p>\n\n\n\n<p>Daireler e\u015fyal\u0131 ve bina bak\u0131ml\u0131d\u0131r.<\/p>\n\n\n\n<p>B\u00f6lge konut fiyat ortalamas\u0131 1.100&nbsp;\u20ac\/m\u00b2 iken, bu binan\u0131n acil sat\u0131\u015f durumundan \u00f6t\u00fcr\u00fc fiyat\u0131 d\u00fc\u015fm\u00fc\u015ft\u00fcr (600&nbsp;\u20ac\/m\u00b2)<\/p>\n\n\n\n<p>Her bir dairenin ayr\u0131 giri\u015fi vard\u0131r ve istendi\u011fi anda kiraye verilmeye m\u00fcsaittir.&nbsp;<\/p>\n\n\n\n<p>\u0130sterseniz bir kat\u0131nda oturup di\u011ferlerini kiraya verebilir,<\/p>\n\n\n\n<p>\u0130sterseniz Butik Otel \u015feklinde k\u0131sa d\u00f6nem veya uzun d\u00f6nem kiraya verebilirsiniz.<\/p>\n\n\n\n<p>Amortisman s\u00fcresi ortalaman\u0131n \u00e7ok alt\u0131ndad\u0131r. Avro para birimi ile 10 y\u0131l civar\u0131nda, kira geliri ile yat\u0131r\u0131m\u0131n\u0131z geri d\u00f6necektir.<\/p>\n\n\n\n<p>Ortak al\u0131nmas\u0131 halinde, 4 aileye kadar Oturum \u0130zni \u00e7\u0131kacakt\u0131r ve i\u015flemler ofisimiz taraf\u0131ndan \u00fccretsiz olarak yap\u0131lacakt\u0131r.<\/p>\n","protected":false},"author":1,"featured_media":0,"template":"","meta":[],"_links":{"self":[{"href":"https:\/\/montenegroemlak.com\/en\/wp-json\/wp\/v2\/emlaklaklar\/652"}],"collection":[{"href":"https:\/\/montenegroemlak.com\/en\/wp-json\/wp\/v2\/emlaklaklar"}],"about":[{"href":"https:\/\/montenegroemlak.com\/en\/wp-json\/wp\/v2\/types\/emlaklaklar"}],"author":[{"embeddable":true,"href":"https:\/\/montenegroemlak.com\/en\/wp-json\/wp\/v2\/users\/1"}],"wp:attachment":[{"href":"https:\/\/montenegroemlak.com\/en\/wp-json\/wp\/v2\/media?parent=652"}],"curies":[{"name":"wp","href":"https:\/\/api.w.org\/{rel}","templated":true}]}}

Podgorica Stari Aerodromda Eşyalı Komple Bina (Acil Fiyat Düştü)

<p>Montenegro &#8211; Karadağ</p>



<p>Podgorica &#8211; Stari Aerodrom&#8217;da,</p>



<p>500&nbsp;m² arsa içinde,</p>



<p>4 katlı (Her bir katta 135&nbsp;m² lik 3+1 eşyalı daire bulunmaktadır) Komple Bina Satılıktır.</p>



<p>Daireler eşyalı ve bina bakımlıdır.</p>



<p>Bölge konut fiyat ortalaması 1.100&nbsp;€/m² iken, bu binanın acil satış durumundan ötürü fiyatı düşmüştür (600&nbsp;€/m²)</p>



<p>Her bir dairenin ayrı girişi vardır ve istendiği anda kiraye verilmeye müsaittir.&nbsp;</p>



<p>İsterseniz bir katında oturup diğerlerini kiraya verebilir,</p>



<p>İsterseniz Butik Otel şeklinde kısa dönem veya uzun dönem kiraya verebilirsiniz.</p>



<p>Amortisman süresi ortalamanın çok altındadır. Avro para birimi ile 10 yıl civarında, kira geliri ile yatırımınız geri dönecektir.</p>



<p>Ortak alınması halinde, 4 aileye kadar Oturum İzni çıkacaktır ve işlemler ofisimiz tarafından ücretsiz olarak yapılacaktır.</p>
