{"id":1578,"date":"2021-05-08T00:26:40","date_gmt":"2021-05-07T21:26:40","guid":{"rendered":"http:\/\/montenegro.chilipepperdijital.com\/?post_type=emlaklaklar&#038;p=1578"},"modified":"2021-05-08T00:26:40","modified_gmt":"2021-05-07T21:26:40","slug":"podgoricada-ana-yol-uzeri-merkezde-imarli-firsat-arsa","status":"publish","type":"emlaklaklar","link":"https:\/\/montenegroemlak.com\/en\/properties-list-en\/podgoricada-ana-yol-uzeri-merkezde-imarli-firsat-arsa\/","title":{"rendered":"Podgorica&#8217;da Ana Yol \u00dczeri Merkezde \u0130marl\u0131 F\u0131rsat Arsa"},"content":{"rendered":"\n<p>Montenegro Karada\u011f&#8217;da,<\/p>\n\n\n\n<p>Ba\u015fkent Podgorica&#8217;da,<\/p>\n\n\n\n<p>\u00c7ok merkezi konumda, Ana yol \u00fczerinde, in\u015faat\u0131 bitmek \u00fczere olan konut projelerine ve Turizm Bakanl\u0131\u011f\u0131 binas\u0131na biti\u015fik, f\u0131rsat arsa,<\/p>\n\n\n\n<p>Zemin kat\u0131, ticari olarak satmak veya kiraya vermek i\u00e7in \u00e7ok uygun,<\/p>\n\n\n\n<p>Konut fiyatlar\u0131n\u0131n y\u00fcksek oldu\u011fu ve en \u00e7ok tercih edilen b\u00f6lgelerden birinde,<\/p>\n\n\n\n<p>Konut fiyatlar\u0131n\u0131n 2.000 Euro\/m2 oldu\u011fu bir b\u00f6lge. Yap\u0131lan yeni in\u015faatlardan \u00f6t\u00fcr\u00fc de\u011feri daha da artmaktad\u0131r.<\/p>\n\n\n\n<p>Arsa alan\u0131 875 m2<\/p>\n\n\n\n<p>\u0130mar alan\u0131 3000 m2<\/p>\n\n\n\n<p>\u0130mar alan\u0131n\u0131n gerekli ba\u015fvurularla daha da art\u0131r\u0131lmas\u0131 m\u00fcmk\u00fcnd\u00fcr. Bu s\u00fcre\u00e7 tamam\u0131yla ofisimiz taraf\u0131ndan y\u00fcr\u00fct\u00fclmekte ve \u00e7ok h\u0131zl\u0131 sonu\u00e7land\u0131r\u0131lmaktad\u0131r.<\/p>\n\n\n\n<p>Hem yat\u0131r\u0131m hem de in\u015faat yaparak satmak veya kiraya vermek i\u00e7in \u00e7ok ideal bir lokasyondur.<\/p>\n","protected":false},"author":1,"featured_media":0,"template":"","meta":[],"_links":{"self":[{"href":"https:\/\/montenegroemlak.com\/en\/wp-json\/wp\/v2\/emlaklaklar\/1578"}],"collection":[{"href":"https:\/\/montenegroemlak.com\/en\/wp-json\/wp\/v2\/emlaklaklar"}],"about":[{"href":"https:\/\/montenegroemlak.com\/en\/wp-json\/wp\/v2\/types\/emlaklaklar"}],"author":[{"embeddable":true,"href":"https:\/\/montenegroemlak.com\/en\/wp-json\/wp\/v2\/users\/1"}],"wp:attachment":[{"href":"https:\/\/montenegroemlak.com\/en\/wp-json\/wp\/v2\/media?parent=1578"}],"curies":[{"name":"wp","href":"https:\/\/api.w.org\/{rel}","templated":true}]}}

Podgorica&#8217;da Ana Yol Üzeri Merkezde İmarlı Fırsat Arsa

<p>Montenegro Karadağ&#8217;da,</p>



<p>Başkent Podgorica&#8217;da,</p>



<p>Çok merkezi konumda, Ana yol üzerinde, inşaatı bitmek üzere olan konut projelerine ve Turizm Bakanlığı binasına bitişik, fırsat arsa,</p>



<p>Zemin katı, ticari olarak satmak veya kiraya vermek için çok uygun,</p>



<p>Konut fiyatlarının yüksek olduğu ve en çok tercih edilen bölgelerden birinde,</p>



<p>Konut fiyatlarının 2.000 Euro/m2 olduğu bir bölge. Yapılan yeni inşaatlardan ötürü değeri daha da artmaktadır.</p>



<p>Arsa alanı 875 m2</p>



<p>İmar alanı 3000 m2</p>



<p>İmar alanının gerekli başvurularla daha da artırılması mümkündür. Bu süreç tamamıyla ofisimiz tarafından yürütülmekte ve çok hızlı sonuçlandırılmaktadır.</p>



<p>Hem yatırım hem de inşaat yaparak satmak veya kiraya vermek için çok ideal bir lokasyondur.</p>
