{"id":1409,"date":"2021-05-07T23:41:57","date_gmt":"2021-05-07T20:41:57","guid":{"rendered":"http:\/\/montenegro.chilipepperdijital.com\/?post_type=emlaklaklar&#038;p=1409"},"modified":"2021-05-07T23:41:58","modified_gmt":"2021-05-07T20:41:58","slug":"budva-becicide-kat-karsiligi-deniz-manzarali-firsat-arsa-acil","status":"publish","type":"emlaklaklar","link":"https:\/\/montenegroemlak.com\/en\/properties-list-en\/budva-becicide-kat-karsiligi-deniz-manzarali-firsat-arsa-acil\/","title":{"rendered":"Budva Becici&#8217;de Kat Kar\u015f\u0131l\u0131\u011f\u0131 Deniz Manzaral\u0131 F\u0131rsat Arsa (Acil)"},"content":{"rendered":"\n<p>Montenegro &#8211; Karda\u011f&#8217;da,<\/p>\n\n\n\n<p>En \u00e7ok tercih edilen b\u00f6lgesi Budva Becici&#8217;de,<\/p>\n\n\n\n<p>Denize 500 metre mesafede ve deniz manzaral\u0131,<\/p>\n\n\n\n<p>Y\u00fcksek \u0130mar oranl\u0131,<\/p>\n\n\n\n<p>Kat Kar\u015f\u0131l\u0131\u011f\u0131 ve Sat\u0131nalma opsiyonlu,<\/p>\n\n\n\n<p>\u00c7ok avantajl\u0131 fiyat ve Kat Kar\u015f\u0131l\u0131\u011f\u0131 Oran\u0131 Arsa,<\/p>\n\n\n\n<p>Kat Kar\u015f\u0131l\u0131\u011f\u0131 olarak al\u0131nmas\u0131 halinde, Arsa Sahibinin oran\u0131 25% + 50.000 Euro,<\/p>\n\n\n\n<p>Sat\u0131nal\u0131nma Opsiyonu ile 550.000 Euro<\/p>\n\n\n\n<p>Arsa Alani: 2300 m2<\/p>\n\n\n\n<p>\u0130mar Alan\u0131: 8050 m2<\/p>\n\n\n\n<p>Taban Oturum Endeksi : 0,60<\/p>\n\n\n\n<p>Toplam \u0130n\u015faat Endeksi : 3,50<\/p>\n\n\n\n<p>Talep, Sat\u0131\u015f H\u0131z\u0131 ve Kat Kar\u015f\u0131l\u0131\u011f\u0131 veya Sat\u0131nalma Opsiyonu ile ka\u00e7\u0131r\u0131lmayacak. f\u0131rsat Arsa<\/p>\n","protected":false},"author":1,"featured_media":0,"template":"","meta":[],"_links":{"self":[{"href":"https:\/\/montenegroemlak.com\/en\/wp-json\/wp\/v2\/emlaklaklar\/1409"}],"collection":[{"href":"https:\/\/montenegroemlak.com\/en\/wp-json\/wp\/v2\/emlaklaklar"}],"about":[{"href":"https:\/\/montenegroemlak.com\/en\/wp-json\/wp\/v2\/types\/emlaklaklar"}],"author":[{"embeddable":true,"href":"https:\/\/montenegroemlak.com\/en\/wp-json\/wp\/v2\/users\/1"}],"wp:attachment":[{"href":"https:\/\/montenegroemlak.com\/en\/wp-json\/wp\/v2\/media?parent=1409"}],"curies":[{"name":"wp","href":"https:\/\/api.w.org\/{rel}","templated":true}]}}

Budva Becici&#8217;de Kat Karşılığı Deniz Manzaralı Fırsat Arsa (Acil)

<p>Montenegro &#8211; Kardağ&#8217;da,</p>



<p>En çok tercih edilen bölgesi Budva Becici&#8217;de,</p>



<p>Denize 500 metre mesafede ve deniz manzaralı,</p>



<p>Yüksek İmar oranlı,</p>



<p>Kat Karşılığı ve Satınalma opsiyonlu,</p>



<p>Çok avantajlı fiyat ve Kat Karşılığı Oranı Arsa,</p>



<p>Kat Karşılığı olarak alınması halinde, Arsa Sahibinin oranı 25% + 50.000 Euro,</p>



<p>Satınalınma Opsiyonu ile 550.000 Euro</p>



<p>Arsa Alani: 2300 m2</p>



<p>İmar Alanı: 8050 m2</p>



<p>Taban Oturum Endeksi : 0,60</p>



<p>Toplam İnşaat Endeksi : 3,50</p>



<p>Talep, Satış Hızı ve Kat Karşılığı veya Satınalma Opsiyonu ile kaçırılmayacak. fırsat Arsa</p>
