{"id":1270,"date":"2021-05-06T18:48:07","date_gmt":"2021-05-06T15:48:07","guid":{"rendered":"http:\/\/montenegro.chilipepperdijital.com\/?post_type=emlaklaklar&#038;p=1270"},"modified":"2021-05-06T18:48:08","modified_gmt":"2021-05-06T15:48:08","slug":"montenegro-budvada-deniz-manzarali-yari-fiyatina-iki-villa","status":"publish","type":"emlaklaklar","link":"https:\/\/montenegroemlak.com\/en\/properties-list-en\/montenegro-budvada-deniz-manzarali-yari-fiyatina-iki-villa\/","title":{"rendered":"Montenegro &#8211; Budva&#8217;da Deniz Manzaral\u0131 Yar\u0131 Fiyat\u0131na \u0130ki Villa"},"content":{"rendered":"\n<p>Montenegro Karada\u011f&#8217;da<\/p>\n\n\n\n<p>Budva \u015fehrinin Prijevor b\u00f6lgesinde,<\/p>\n\n\n\n<p><strong>Deniz Manzaral\u0131,<\/strong><\/p>\n\n\n\n<p><strong>Ayn\u0131 zamanda turistik i\u015fletme olarak da kullan\u0131lan, iki adet ev, b\u00f6lge ortalama fiyatlar\u0131n\u0131n yar\u0131s\u0131na sat\u0131lacakt\u0131r. (Sat\u0131\u015f Tarihi 20.01.2020)<\/strong><\/p>\n\n\n\n<p><strong>Villar ile gerekli bilgiler ve foto\u011fraflar, kendi web sitesinden de g\u00f6r\u00fclebilecektir.<\/strong><\/p>\n\n\n\n<p><a href=\"https:\/\/hrabrivuk.webs.com\/\">https:\/\/hrabrivuk.webs.com\/<\/a><\/p>\n\n\n\n<p>M\u00fclk, iki adet ev ve 421 m2 bah\u00e7eden olu\u015fmaktad\u0131r.<\/p>\n\n\n\n<p><strong>\u0130lk villa : (99 m2)<\/strong><\/p>\n\n\n\n<p>4 Yatak Odas\u0131,<\/p>\n\n\n\n<p>2 Banyo,<\/p>\n\n\n\n<p>2 Mutfak,<\/p>\n\n\n\n<p>1 ayr\u0131 Tuvalet,<\/p>\n\n\n\n<p>2 Oturma Odas\u0131,<\/p>\n\n\n\n<p>2 Yemek Odas\u0131 (alan\u0131)<\/p>\n\n\n\n<p>3&nbsp;Teras.<\/p>\n\n\n\n<p><strong>\u0130kinci Villa : (66 m2)<\/strong><\/p>\n\n\n\n<p>3 Yatak Odas\u0131,<\/p>\n\n\n\n<p>2 Banyo,<\/p>\n\n\n\n<p>1 Mutfak,<\/p>\n\n\n\n<p>1 Oturma Odas\u0131,<\/p>\n\n\n\n<p>1 Yemek Odas\u0131 (alan\u0131),<\/p>\n\n\n\n<p>2 Teras&#8217;tan olu\u015fmaktad\u0131r.<\/p>\n\n\n\n<p><strong>Geni\u015f ailelere ve kalabal\u0131k gruplara turistik olarak kiralanmakta olup, g\u00fcnl\u00fck kiralamalarda gecelik fiyat\u0131, sezon i\u00e7inde 250 &#8211; 400 Euro seviyesindedir. Ayl\u0131k kiralamalarda da, 7.500 &#8211; 10.000 Euro aras\u0131nda kiralanmaktad\u0131r. Bu bedellerle kiralama i\u015flemlerine devam edildi\u011finde, yat\u0131r\u0131m k\u00f6t\u00fc ihtimalle 4-5 y\u0131l i\u00e7inde kendini amorti etmektedir.<\/strong><\/p>\n\n\n\n<p><strong>B\u00f6lge ortalama konut fiyatlar\u0131 deniz g\u00f6ren konutlarda 1.000 &#8211; 1.500 Euro aras\u0131ndad\u0131r.<\/strong><\/p>\n\n\n\n<p><strong>Toplam 165 m2 kapal\u0131 alan ve 421 m2 bah\u00e7esi olan bu iki villa, toplamda 95.000 Euro bedelle sat\u0131lacakt\u0131r.<\/strong><\/p>\n\n\n\n<p><strong>Hem ya\u015famak, hem turistik olarak kiraya vermek hem de istenirse k\u0131sa s\u00fcrede \u00e7ok daha y\u00fcksek bedele satmak i\u00e7in ideal bir yat\u0131r\u0131m f\u0131rsat\u0131d\u0131r.<\/strong><\/p>\n","protected":false},"author":1,"featured_media":0,"template":"","meta":[],"_links":{"self":[{"href":"https:\/\/montenegroemlak.com\/en\/wp-json\/wp\/v2\/emlaklaklar\/1270"}],"collection":[{"href":"https:\/\/montenegroemlak.com\/en\/wp-json\/wp\/v2\/emlaklaklar"}],"about":[{"href":"https:\/\/montenegroemlak.com\/en\/wp-json\/wp\/v2\/types\/emlaklaklar"}],"author":[{"embeddable":true,"href":"https:\/\/montenegroemlak.com\/en\/wp-json\/wp\/v2\/users\/1"}],"wp:attachment":[{"href":"https:\/\/montenegroemlak.com\/en\/wp-json\/wp\/v2\/media?parent=1270"}],"curies":[{"name":"wp","href":"https:\/\/api.w.org\/{rel}","templated":true}]}}

Montenegro &#8211; Budva&#8217;da Deniz Manzaralı Yarı Fiyatına İki Villa

<p>Montenegro Karadağ&#8217;da</p>



<p>Budva şehrinin Prijevor bölgesinde,</p>



<p><strong>Deniz Manzaralı,</strong></p>



<p><strong>Aynı zamanda turistik işletme olarak da kullanılan, iki adet ev, bölge ortalama fiyatlarının yarısına satılacaktır. (Satış Tarihi 20.01.2020)</strong></p>



<p><strong>Villar ile gerekli bilgiler ve fotoğraflar, kendi web sitesinden de görülebilecektir.</strong></p>



<p><a href="https://hrabrivuk.webs.com/">https://hrabrivuk.webs.com/</a></p>



<p>Mülk, iki adet ev ve 421 m2 bahçeden oluşmaktadır.</p>



<p><strong>İlk villa : (99 m2)</strong></p>



<p>4 Yatak Odası,</p>



<p>2 Banyo,</p>



<p>2 Mutfak,</p>



<p>1 ayrı Tuvalet,</p>



<p>2 Oturma Odası,</p>



<p>2 Yemek Odası (alanı)</p>



<p>3&nbsp;Teras.</p>



<p><strong>İkinci Villa : (66 m2)</strong></p>



<p>3 Yatak Odası,</p>



<p>2 Banyo,</p>



<p>1 Mutfak,</p>



<p>1 Oturma Odası,</p>



<p>1 Yemek Odası (alanı),</p>



<p>2 Teras&#8217;tan oluşmaktadır.</p>



<p><strong>Geniş ailelere ve kalabalık gruplara turistik olarak kiralanmakta olup, günlük kiralamalarda gecelik fiyatı, sezon içinde 250 &#8211; 400 Euro seviyesindedir. Aylık kiralamalarda da, 7.500 &#8211; 10.000 Euro arasında kiralanmaktadır. Bu bedellerle kiralama işlemlerine devam edildiğinde, yatırım kötü ihtimalle 4-5 yıl içinde kendini amorti etmektedir.</strong></p>



<p><strong>Bölge ortalama konut fiyatları deniz gören konutlarda 1.000 &#8211; 1.500 Euro arasındadır.</strong></p>



<p><strong>Toplam 165 m2 kapalı alan ve 421 m2 bahçesi olan bu iki villa, toplamda 95.000 Euro bedelle satılacaktır.</strong></p>



<p><strong>Hem yaşamak, hem turistik olarak kiraya vermek hem de istenirse kısa sürede çok daha yüksek bedele satmak için ideal bir yatırım fırsatıdır.</strong></p>
