{"id":1154,"date":"2021-05-05T01:04:33","date_gmt":"2021-05-04T22:04:33","guid":{"rendered":"http:\/\/montenegro.chilipepperdijital.com\/?post_type=emlaklaklar&#038;p=1154"},"modified":"2021-05-05T01:04:34","modified_gmt":"2021-05-04T22:04:34","slug":"herceg-novi-bijelada-denize-250-metre-yari-fiyatina-imarli-arsa","status":"publish","type":"emlaklaklar","link":"https:\/\/montenegroemlak.com\/en\/properties-list-en\/herceg-novi-bijelada-denize-250-metre-yari-fiyatina-imarli-arsa\/","title":{"rendered":"Herceg Novi Bijela&#8217;da Denize 250 Metre Yar\u0131 Fiyat\u0131na \u0130marl\u0131 Arsa"},"content":{"rendered":"\n<p>Montenegro &#8211; Karada\u011f&#8217;da,<\/p>\n\n\n\n<p>Herceg Novi \u015eehrinin, en turistik b\u00f6lgelerinden Bijela&#8217;da,<\/p>\n\n\n\n<p>Otellerin oldu\u011fu b\u00f6lgede, Denize 250 Metre mesafede, yola direkt ba\u011flant\u0131l\u0131,<\/p>\n\n\n\n<p>Karada\u011f&#8217;daki en b\u00fcy\u00fck proje olan Porto Novi Mega Yat Liman\u0131na 4.5 KM mesafede,<\/p>\n\n\n\n<p>Elektrik, su ve kanalizayon ba\u011flant\u0131s\u0131 bulunmaktad\u0131r.<\/p>\n\n\n\n<p>Villa, Daire in\u015faat\u0131 ve\/veya Butik Otel yap\u0131m\u0131 ve i\u015fletmesi i\u00e7in ideal lokasyonda,<\/p>\n\n\n\n<p>Arsa : 2 Biti\u015fik Parsel, Toplam : 615 m2<\/p>\n\n\n\n<p>\u0130n\u015faat \u0130zni : 740 m2<\/p>\n\n\n\n<p>Kat Say\u0131s\u0131 \u0130zni : Zemin + 2 Kat<\/p>\n\n\n\n<p>Arsa Fiyat\u0131 : 75.000 Euro (125 Euro\/m2)<\/p>\n\n\n\n<p>B\u00f6lge Arsa Fiyat Ortalamas\u0131 : 200 &#8211; 250 Euro\/m2<\/p>\n\n\n\n<p>B\u00f6lge Konut Fiyat&nbsp;Ortalamas\u0131 : 1.750 &#8211; 2.500 Euro\/m2&nbsp;<\/p>\n\n\n\n<p>Gerek Yat\u0131r\u0131m olarak, gerekse Konut in\u015faat\u0131 (Villa veya daire), gerekse Butik Otel yap\u0131m\u0131 ve i\u015fletmesi i\u00e7in \u00e7ok uygun ve karl\u0131 olup, imarl\u0131 arsa oldu\u011fu i\u00e7in \u015eirket Kurulumu gerekmemektedir.<\/p>\n","protected":false},"author":1,"featured_media":0,"template":"","meta":[],"_links":{"self":[{"href":"https:\/\/montenegroemlak.com\/en\/wp-json\/wp\/v2\/emlaklaklar\/1154"}],"collection":[{"href":"https:\/\/montenegroemlak.com\/en\/wp-json\/wp\/v2\/emlaklaklar"}],"about":[{"href":"https:\/\/montenegroemlak.com\/en\/wp-json\/wp\/v2\/types\/emlaklaklar"}],"author":[{"embeddable":true,"href":"https:\/\/montenegroemlak.com\/en\/wp-json\/wp\/v2\/users\/1"}],"wp:attachment":[{"href":"https:\/\/montenegroemlak.com\/en\/wp-json\/wp\/v2\/media?parent=1154"}],"curies":[{"name":"wp","href":"https:\/\/api.w.org\/{rel}","templated":true}]}}

Herceg Novi Bijela&#8217;da Denize 250 Metre Yarı Fiyatına İmarlı Arsa

<p>Montenegro &#8211; Karadağ&#8217;da,</p>



<p>Herceg Novi Şehrinin, en turistik bölgelerinden Bijela&#8217;da,</p>



<p>Otellerin olduğu bölgede, Denize 250 Metre mesafede, yola direkt bağlantılı,</p>



<p>Karadağ&#8217;daki en büyük proje olan Porto Novi Mega Yat Limanına 4.5 KM mesafede,</p>



<p>Elektrik, su ve kanalizayon bağlantısı bulunmaktadır.</p>



<p>Villa, Daire inşaatı ve/veya Butik Otel yapımı ve işletmesi için ideal lokasyonda,</p>



<p>Arsa : 2 Bitişik Parsel, Toplam : 615 m2</p>



<p>İnşaat İzni : 740 m2</p>



<p>Kat Sayısı İzni : Zemin + 2 Kat</p>



<p>Arsa Fiyatı : 75.000 Euro (125 Euro/m2)</p>



<p>Bölge Arsa Fiyat Ortalaması : 200 &#8211; 250 Euro/m2</p>



<p>Bölge Konut Fiyat&nbsp;Ortalaması : 1.750 &#8211; 2.500 Euro/m2&nbsp;</p>



<p>Gerek Yatırım olarak, gerekse Konut inşaatı (Villa veya daire), gerekse Butik Otel yapımı ve işletmesi için çok uygun ve karlı olup, imarlı arsa olduğu için Şirket Kurulumu gerekmemektedir.</p>
