{"id":1126,"date":"2021-05-05T00:42:02","date_gmt":"2021-05-04T21:42:02","guid":{"rendered":"http:\/\/montenegro.chilipepperdijital.com\/?post_type=emlaklaklar&#038;p=1126"},"modified":"2021-05-05T00:42:03","modified_gmt":"2021-05-04T21:42:03","slug":"budva-super-konumda-kira-geliri-garantili-firsat-yeni-daire","status":"publish","type":"emlaklaklar","link":"https:\/\/montenegroemlak.com\/en\/properties-list-en\/budva-super-konumda-kira-geliri-garantili-firsat-yeni-daire\/","title":{"rendered":"Budva S\u00fcper Konumda, Kira Geliri Garantili F\u0131rsat Yeni Daire"},"content":{"rendered":"\n<p>Montenegro &#8211; Karada\u011f<\/p>\n\n\n\n<p>Turizm Merkezi Budva&#8217;da,<\/p>\n\n\n\n<p>\u00c7ok merkezi konumda, 8-9 Y\u0131l i\u00e7inde kira ile Yat\u0131r\u0131m\u0131n Geri D\u00f6n\u00fc\u015f\u00fc olan,<\/p>\n\n\n\n<p>2+1, 53 m2, Ful ve L\u00fcks E\u015fyal\u0131 Daire,<\/p>\n\n\n\n<p>Muadil dairelerin fiyatlar\u0131 3.000 Euro\/m\u00b2 iken,<\/p>\n\n\n\n<p>Bu dairenin fiyat\u0131 1.850&nbsp;Euro\/m\u00b2 dir.<\/p>\n\n\n\n<p>Al\u0131m i\u015flemlerinin ba\u015flamas\u0131 halinde, bu yaz i\u00e7in 5.000 Euro&#8217;ya hemen kiralanacakt\u0131r. (Bu sezonun d\u00fcnya genelinde bo\u015f ge\u00e7ece\u011finin g\u00f6z \u00f6n\u00fcnde bulundurulmas\u0131 gerekir. Di\u011fer y\u0131llar ge\u00e7mi\u015f y\u0131llarda, burada hi\u00e7 bulunman\u0131za gerek kalmadan, ortalama y\u0131ll\u0131k 10.000 Euro seviyesinde kiralanmaktad\u0131r.)<\/p>\n\n\n\n<p>Hem \u00e7ok karl\u0131 bir konut yat\u0131r\u0131m\u0131, hem de Oturum \u0130zni i\u00e7in s\u00fcper f\u0131rsat.<\/p>\n","protected":false},"author":1,"featured_media":0,"template":"","meta":[],"_links":{"self":[{"href":"https:\/\/montenegroemlak.com\/en\/wp-json\/wp\/v2\/emlaklaklar\/1126"}],"collection":[{"href":"https:\/\/montenegroemlak.com\/en\/wp-json\/wp\/v2\/emlaklaklar"}],"about":[{"href":"https:\/\/montenegroemlak.com\/en\/wp-json\/wp\/v2\/types\/emlaklaklar"}],"author":[{"embeddable":true,"href":"https:\/\/montenegroemlak.com\/en\/wp-json\/wp\/v2\/users\/1"}],"wp:attachment":[{"href":"https:\/\/montenegroemlak.com\/en\/wp-json\/wp\/v2\/media?parent=1126"}],"curies":[{"name":"wp","href":"https:\/\/api.w.org\/{rel}","templated":true}]}}

Budva Süper Konumda, Kira Geliri Garantili Fırsat Yeni Daire

<p>Montenegro &#8211; Karadağ</p>



<p>Turizm Merkezi Budva&#8217;da,</p>



<p>Çok merkezi konumda, 8-9 Yıl içinde kira ile Yatırımın Geri Dönüşü olan,</p>



<p>2+1, 53 m2, Ful ve Lüks Eşyalı Daire,</p>



<p>Muadil dairelerin fiyatları 3.000 Euro/m² iken,</p>



<p>Bu dairenin fiyatı 1.850&nbsp;Euro/m² dir.</p>



<p>Alım işlemlerinin başlaması halinde, bu yaz için 5.000 Euro&#8217;ya hemen kiralanacaktır. (Bu sezonun dünya genelinde boş geçeceğinin göz önünde bulundurulması gerekir. Diğer yıllar geçmiş yıllarda, burada hiç bulunmanıza gerek kalmadan, ortalama yıllık 10.000 Euro seviyesinde kiralanmaktadır.)</p>



<p>Hem çok karlı bir konut yatırımı, hem de Oturum İzni için süper fırsat.</p>
