{"id":1088,"date":"2021-05-05T00:27:48","date_gmt":"2021-05-04T21:27:48","guid":{"rendered":"http:\/\/montenegro.chilipepperdijital.com\/?post_type=emlaklaklar&#038;p=1088"},"modified":"2021-05-05T00:27:49","modified_gmt":"2021-05-04T21:27:49","slug":"budva-mainede-deniz-manzarali-acil-satilik-firsat-arsa","status":"publish","type":"emlaklaklar","link":"https:\/\/montenegroemlak.com\/en\/properties-list-en\/budva-mainede-deniz-manzarali-acil-satilik-firsat-arsa\/","title":{"rendered":"Budva Maine&#8217;de Deniz Manzaral\u0131 Acil Sat\u0131l\u0131k F\u0131rsat Arsa"},"content":{"rendered":"\n<p>Montenegro &#8211; Karada\u011f&#8217;da,<\/p>\n\n\n\n<p>Turizm Merkezi Budva&#8217;da,<\/p>\n\n\n\n<p>Muadillerinin&nbsp;be\u015fte bir fiyat\u0131na Acil Sat\u0131\u015f,<\/p>\n\n\n\n<p>Arsan\u0131n harika ve geni\u015f bir Deniz manzaras\u0131 vard\u0131r.<\/p>\n\n\n\n<p>Arsaya 3 farkl\u0131 yoldan eri\u015fim vard\u0131r. Hem Budva merkezden ve Anayoldan ayr\u0131 ayr\u0131 eri\u015fimi vard\u0131r.<\/p>\n\n\n\n<p>\u00c7evresinde yeni yap\u0131lanmalar mevcuttur, 2020 y\u0131l\u0131 sonuna kadar imar \u00e7\u0131kmas\u0131 kuvvetle muhtemeldir.<\/p>\n\n\n\n<p><strong>Arsa : 4.500&nbsp;m\u00b2<\/strong><\/p>\n\n\n\n<p><strong>Fiyat\u0131 : 90.000&nbsp;\u20ac (20&nbsp;\u20ac \/&nbsp;m\u00b2)<\/strong><\/p>\n\n\n\n<p><strong>B\u00f6lge Ortalamas\u0131 : 100&nbsp;\u20ac \/&nbsp;m\u00b2<\/strong><\/p>\n\n\n\n<p>Beklenen imar ile, konut projesi in\u015faat\u0131 i\u00e7in s\u00fcper bir konumdad\u0131r.<\/p>\n\n\n\n<p>K\u0131sa vadede y\u00fcksek karl\u0131 yat\u0131r\u0131m i\u00e7in s\u00fcper f\u0131rsat.<\/p>\n\n\n\n<p>\u015eirket Kurulu\u015f i\u015flemleri taraf\u0131m\u0131zdan ve \u00fccretsiz olarak sa\u011flanacakt\u0131r.<\/p>\n","protected":false},"author":1,"featured_media":0,"template":"","meta":[],"_links":{"self":[{"href":"https:\/\/montenegroemlak.com\/en\/wp-json\/wp\/v2\/emlaklaklar\/1088"}],"collection":[{"href":"https:\/\/montenegroemlak.com\/en\/wp-json\/wp\/v2\/emlaklaklar"}],"about":[{"href":"https:\/\/montenegroemlak.com\/en\/wp-json\/wp\/v2\/types\/emlaklaklar"}],"author":[{"embeddable":true,"href":"https:\/\/montenegroemlak.com\/en\/wp-json\/wp\/v2\/users\/1"}],"wp:attachment":[{"href":"https:\/\/montenegroemlak.com\/en\/wp-json\/wp\/v2\/media?parent=1088"}],"curies":[{"name":"wp","href":"https:\/\/api.w.org\/{rel}","templated":true}]}}

Budva Maine&#8217;de Deniz Manzaralı Acil Satılık Fırsat Arsa

<p>Montenegro &#8211; Karadağ&#8217;da,</p>



<p>Turizm Merkezi Budva&#8217;da,</p>



<p>Muadillerinin&nbsp;beşte bir fiyatına Acil Satış,</p>



<p>Arsanın harika ve geniş bir Deniz manzarası vardır.</p>



<p>Arsaya 3 farklı yoldan erişim vardır. Hem Budva merkezden ve Anayoldan ayrı ayrı erişimi vardır.</p>



<p>Çevresinde yeni yapılanmalar mevcuttur, 2020 yılı sonuna kadar imar çıkması kuvvetle muhtemeldir.</p>



<p><strong>Arsa : 4.500&nbsp;m²</strong></p>



<p><strong>Fiyatı : 90.000&nbsp;€ (20&nbsp;€ /&nbsp;m²)</strong></p>



<p><strong>Bölge Ortalaması : 100&nbsp;€ /&nbsp;m²</strong></p>



<p>Beklenen imar ile, konut projesi inşaatı için süper bir konumdadır.</p>



<p>Kısa vadede yüksek karlı yatırım için süper fırsat.</p>



<p>Şirket Kuruluş işlemleri tarafımızdan ve ücretsiz olarak sağlanacaktır.</p>
