{"id":1070,"date":"2021-05-05T00:22:52","date_gmt":"2021-05-04T21:22:52","guid":{"rendered":"http:\/\/montenegro.chilipepperdijital.com\/?post_type=emlaklaklar&#038;p=1070"},"modified":"2021-05-05T00:22:53","modified_gmt":"2021-05-04T21:22:53","slug":"baskent-podgoricada-karli-insaat-imarli-arsa-acil","status":"publish","type":"emlaklaklar","link":"https:\/\/montenegroemlak.com\/en\/properties-list-en\/baskent-podgoricada-karli-insaat-imarli-arsa-acil\/","title":{"rendered":"Ba\u015fkent Podgorica&#8217;da Karl\u0131 \u0130n\u015faat \u0130marl\u0131 Arsa (AC\u0130L)"},"content":{"rendered":"\n<p>Montenegro &#8211; Karada\u011f&#8217;da,<\/p>\n\n\n\n<p>Ba\u015fkent Podgorica&#8217;n\u0131n en tercih edilen b\u00f6lgelerinden Krusevac&#8217;ta.<\/p>\n\n\n\n<p>City Kvart&#8217;a 200 metre, Yeni Yap\u0131lacak AVM ve Sadine Projesine (2021&#8217;de ba\u015flamasi planlan\u0131yor) biti\u015fik, City Kvart&#8217;a 200 metre, yola cephe.<\/p>\n\n\n\n<p>Konut fiyatlar\u0131n\u0131n ve in\u015faat karl\u0131l\u0131\u011f\u0131n\u0131n en y\u00fcksek oldu\u011fu b\u00f6lgelerin ba\u015f\u0131nda,<\/p>\n\n\n\n<p>Arsa Alan\u0131 : 450&nbsp;m\u00b2<\/p>\n\n\n\n<p>\u0130mar&nbsp;Alan\u0131: 450&nbsp;m\u00b2<\/p>\n\n\n\n<p>Kat Say\u0131s\u0131: Zemin +&nbsp;2 Kat + \u00c7at\u0131 Kat\u0131<\/p>\n\n\n\n<p>B\u00f6lgede Konut Sat\u0131\u015f Fiyatlar\u0131 : 1.500&nbsp;\u20ac\/m\u00b2<\/p>\n\n\n\n<p>\u015eu an gayet karl\u0131 olmakla birlikte, b\u00f6lgedeki projelerin ba\u015flamas\u0131yla karl\u0131l\u0131\u011f\u0131 \u00e7ok daha artacak, b\u00f6lgedeki en uygun fiyatl\u0131 arsa.<\/p>\n\n\n\n<p>Yat\u0131r\u0131m\u0131n yan\u0131 s\u0131ra, Oturum \u0130zni&nbsp;i\u015flemleriniz, ofisimiz taraf\u0131ndan bedelsiz olarak yap\u0131lacakt\u0131r.<\/p>\n","protected":false},"author":1,"featured_media":0,"template":"","meta":[],"_links":{"self":[{"href":"https:\/\/montenegroemlak.com\/en\/wp-json\/wp\/v2\/emlaklaklar\/1070"}],"collection":[{"href":"https:\/\/montenegroemlak.com\/en\/wp-json\/wp\/v2\/emlaklaklar"}],"about":[{"href":"https:\/\/montenegroemlak.com\/en\/wp-json\/wp\/v2\/types\/emlaklaklar"}],"author":[{"embeddable":true,"href":"https:\/\/montenegroemlak.com\/en\/wp-json\/wp\/v2\/users\/1"}],"wp:attachment":[{"href":"https:\/\/montenegroemlak.com\/en\/wp-json\/wp\/v2\/media?parent=1070"}],"curies":[{"name":"wp","href":"https:\/\/api.w.org\/{rel}","templated":true}]}}

Başkent Podgorica&#8217;da Karlı İnşaat İmarlı Arsa (ACİL)

<p>Montenegro &#8211; Karadağ&#8217;da,</p>



<p>Başkent Podgorica&#8217;nın en tercih edilen bölgelerinden Krusevac&#8217;ta.</p>



<p>City Kvart&#8217;a 200 metre, Yeni Yapılacak AVM ve Sadine Projesine (2021&#8217;de başlamasi planlanıyor) bitişik, City Kvart&#8217;a 200 metre, yola cephe.</p>



<p>Konut fiyatlarının ve inşaat karlılığının en yüksek olduğu bölgelerin başında,</p>



<p>Arsa Alanı : 450&nbsp;m²</p>



<p>İmar&nbsp;Alanı: 450&nbsp;m²</p>



<p>Kat Sayısı: Zemin +&nbsp;2 Kat + Çatı Katı</p>



<p>Bölgede Konut Satış Fiyatları : 1.500&nbsp;€/m²</p>



<p>Şu an gayet karlı olmakla birlikte, bölgedeki projelerin başlamasıyla karlılığı çok daha artacak, bölgedeki en uygun fiyatlı arsa.</p>



<p>Yatırımın yanı sıra, Oturum İzni&nbsp;işlemleriniz, ofisimiz tarafından bedelsiz olarak yapılacaktır.</p>
